
True
Is 90 a multiple of 9?
True
Is 2672 a multiple of 18?
False
Is 14 a factor of 10514?
True
Is 170 a multiple of 10?
True
Is 10710 a multiple of 19?
False
Is 28534 a multiple of 11?
True
Is 29 a factor of 84042?
True
Is 86767 a multiple of 25?
False
Is 9792 a multiple of 22?
False
Is 289 a multiple of 2?
False
Does 16 divide 1038?
False
Is 18 a factor of 7893?
False
Is 62879 a multiple of 55?
False
Does 92 divide 4671?
False
Does 20 divide 6495?
False
Is 10554 a multiple of 25?
False
Is 2 a factor of 103?
False
Does 13 divide 12675?
True
Does 10 divide 630?
True
Does 15 divide 2438?
False
Is 4360 a multiple of 40?
True
Does 102 divide 2244?
True
Does 20 divide 539?
False
Does 6 divide 256?
False
Is 63 a factor of 2268?
True
Is 30 a factor of 52792?
False
Is 39 a factor of 13292?
False
Does 31 divide 44307?
False
Is 10 a factor of 395?
False
Is 546 a multiple of 8?
False
Is 700 a multiple of 100?
True
Is 14 a factor of 2520?
True
Does 89 divide 1958?
True
Does 9 divide 1881?
True
Does 11 divide 4389?
True
Is 146 a factor of 36655?
False
Is 18 a factor of 4137?
False
Is 8774 a multiple of 10?
False
Is 2491 a multiple of 3?
False
Is 5360 a multiple of 20?
True
Does 220 divide 7308?
False
Is 2533 a multiple of 8?
False
Is 225 a factor of 4725?
True
Is 36 a factor of 449?
False
Is 11 a factor of 793?
False
Does 25 divide 1775?
True
Does 63 divide 1008?
True
Is 19125 a multiple of 153?
True
Is 20 a factor of 1046?
False
Is 49 a factor of 11255?
False
Does 119 divide 15879?
False
Is 18 a factor of 5397?
False
Is 5 a factor of 1215?
True
Is 9630 a multiple of 90?
True
Does 20 divide 220?
True
Does 13 divide 14800?
False
Is 7 a factor of 431?
False
Does 8 divide 12916?
False
Does 122 divide 8491?
False
Does 10 divide 4260?
True
Is 101 a factor of 15265?
False
Is 38 a factor of 596?
False
Does 18 divide 322?
False
Is 161 a factor of 26243?
True
Is 8 a factor of 4576?
True
Does 73 divide 1408?
False
Is 54 a factor of 1728?
True
Does 22 divide 1584?
True
Does 156 divide 17898?
False
Is 23514 a multiple of 19?
False
Is 9 a factor of 603?
True
Is 7216 a multiple of 16?
True
Is 148 a factor of 1499?
False
Is 4675 a multiple of 55?
True
Is 4818 a multiple of 73?
True
Is 7 a factor of 10745?
True
Is 4 a factor of 11961?
False
Is 99 a factor of 3663?
True
Is 23 a factor of 1035?
True
Does 10 divide 3119?
False
Is 50 a factor of 1000?
True
Is 38 a factor of 4859?
False
Is 9436 a multiple of 7?
True
Does 32 divide 106336?
True
Is 280 a multiple of 65?
False
Is 3248 a multiple of 14?
True
Is 198 a multiple of 99?
True
Does 3 divide 1410?
True
Is 41 a multiple of 4?
False
Is 27 a multiple of 2?
False
Is 37 a factor of 2033?
False
Is 352 a multiple of 4?
True
Is 6 a factor of 1190?
False
Is 11 a factor of 880?
True
Does 19 divide 589?
True
Is 57 a factor of 12483?
True
Does 15 divide 1200?
True
Does 34 divide 244?
False
Is 91 a factor of 724?
False
Is 82712 a multiple of 28?
True
Does 5 divide 7730?
True
Does 3 divide 29487?
True
Is 13 a factor of 169?
True
Is 17 a factor of 809?
False
Is 5 a factor of 750?
True
Is 713 a multiple of 23?
True
Does 65 divide 845?
True
Is 3768 a multiple of 22?
False
Does 11 divide 330?
True
Is 14 a multiple of 14?
True
Is 81 a factor of 5508?
True
Is 1192 a multiple of 4?
True
Does 9 divide 63?
True
Is 2 a factor of 183?
False
Is 281 a multiple of 35?
False
Is 247 a multiple of 2?
False
Does 9 divide 3161?
False
Is 12744 a multiple of 24?
True
Is 41611 a multiple of 139?
False
Is 9 a factor of 4707?
True
Is 53 a factor of 2520?
False
Is 1003 a multiple of 17?
True
Does 70 divide 1038?
False
Is 44 a factor of 21647?
False
Does 12 divide 768?
True
Is 9 a factor of 126?
True
Is 2 a factor of 3651?
False
Is 13 a factor of 931?
False
Is 9379 a multiple of 66?
False
Is 16760 a multiple of 11?
False
Is 27 a factor of 404?
False
Is 867 a multiple of 51?
True
Does 98 divide 1862?
True
Does 25 divide 405?
False
Is 9 a factor of 16047?
True
Is 398 a multiple of 2?
True
Does 186 divide 12648?
True
Is 22 a factor of 6128?
False
Does 17 divide 421?
False
Does 9 divide 333?
True
Is 12747 a multiple of 3?
True
Does 90 divide 1260?
True
Is 45444 a multiple of 84?
True
Is 420 a multiple of 10?
True
Is 2 a factor of 525?
False
Does 82 divide 2516?
False
Does 164 divide 15970?
False
Is 770 a multiple of 14?
True
Is 12706 a multiple of 2?
True
Is 23 a factor of 884?
False
Is 595 a multiple of 12?
False
Does 85 divide 14842?
False
Is 14 a factor of 140?
True
Is 90 a multiple of 5?
True
Is 24512 a multiple of 15?
False
Is 14 a factor of 12791?
False
Is 21 a factor of 985?
False
Does 6 divide 646?
False
Is 11 a factor of 3183?
False
Is 21335 a multiple of 17?
True
Is 19723 a multiple of 163?
True
Is 18 a factor of 202?
False
Does 6 divide 2074?
False
Does 52 divide 303?
False
Is 29 a factor of 2790?
False
Is 12 a factor of 468?
True
Is 11029 a multiple of 4?
False
Is 208 a multiple of 32?
False
Does 11 divide 234?
False
Is 11 a factor of 1195?
False
Does 15 divide 785?
False
Is 26 a factor of 42067?
False
Is 19 a factor of 448?
False
Does 32 divide 1184?
True
Is 3 a factor of 917?
False
Is 23478 a multiple of 273?
True
Is 426 a multiple of 9?
False
Does 9 divide 2771?
False
Is 2035 a multiple of 34?
False
Is 59 a factor of 59?
True
Does 64 divide 2944?
True
Is 33582 a multiple of 58?
True
Is 56 a factor of 726?
False
Does 2 divide 971?
False
Is 3684 a multiple of 7?
False
Does 13 divide 761?
False
Is 10697 a multiple of 19?
True
Is 18 a factor of 36967?
False
Is 39 a factor of 4134?
True
Is 60 a factor of 11736?
False
Is 29 a factor of 5756?
False
Does 8 divide 36680?
True
Does 13 divide 624?
True
Is 1711 a multiple of 58?
False
Is 2460 a multiple of 205?
True
Is 1810 a multiple of 2?
True
Is 23 a factor of 734?
False
Does 30 divide 840?
True
Does 10 divide 13930?
True
Is 3500 a multiple of 35?
True
Is 21377 a multiple of 70?
False
Is 24 a multiple of 17?
False
Does 14 divide 28504?
True
Is 6269 a multiple of 21?
False
Is 34 a multiple of 2?
True
Is 3144 a multiple of 7?
False
Does 21 divide 7070?
False
Does 21 divide 10857?
True
Is 87 a factor of 9933?
False
Is 4 a factor of 176?
True
Does 2 divide 73?
False
Is 35 a factor of 19233?
False
Is 3 a factor of 476?
False
Is 3380 a multiple of 13?
True
Does 28 divide 224?
True
Is 5641 a multiple of 22?
False
Does 4 divide 10380?
True
Does 14 divide 1162?
True
Is 30272 a multiple of 16?
True
Does 27 divide 377?
False
Does 2 divide 661?
False
Is 32 a factor of 9239?
False
Is 6 a factor of 312?
True
Is 1932 a multiple of 35?
False
Is 1080 a multiple of 13?
False
Does 30 divide 1110?
True
Does 5 divide 716?
False
Does 91 divide 11105?
False
Is 66485 a multiple of 35?
False
Is 20 a factor of 512?
False
Is 432 a multiple of 4?
True
Is 2096 a multiple of 5?
False
Does 96 divide 6144?
True
Does 161 divide 14973?
True
Does 32 divide 3385?
False
Does 218 divide 11827?
False
Is 173 a factor of 19376?
True
Does 134 divide 16348?
True
Does 8 divide 216?
True
Does 34 divide 320?
False
Is 2300 a multiple of 8?
False
Does 27 divide 945?
True
Is 288 a multiple of 48?
True
Is 5127 a multiple of 18?
False
Is 7350 a multiple of 14?
True
Is 2430 a multiple of 10?
True
Is 109334 a multiple of 21?
False
Is 71 a factor of 11718?
False
Is 3456 even?
True
Does 3 divide 36?
True
Does 20 divide 540?
True
Does 4 divide 424?
True
Does 65 divide 1729?
False
Is 8 a factor of 462?
False
Does 47 divide 16217?
False
Does 17 divide 90865?
True
Does 49 divide 1061?
False
Is 56 a factor of 1064?
True
Does 39 divide 546?
True
Does 13 divide 574?
False
Is 78 a factor of 779?
False
Does 12 divide 10356?
True
Does 7 divide 6139?
True
Is 9 a factor of 29579?
False
Is 40346 a multiple of 108?
False
Does 76 divide 55252?
True
Does 70 divide 6650?
True
Does 138 divide 13938?
True
Is 4 a factor of 272?
True
Does 56 divide 660?
False
Is 13 a factor of 689?
True
Does 22 divide 2178?
True
Is 12 a factor of 56676?
True
Is 508 a multiple of 12?
False
Does 24 divide 2808?
True
Is 4627 a multiple of 57?
False
Does 25 divide 6425?
True
Is 3 a factor of 10047?
True
Is 59 a factor of 51094?
True
Is 32 a factor of 336?
False
Is 98527 a multiple of 19?
False
Is 9 a factor of 279?
True
Is 39 a factor of 18736?
False
Is 10613 a multiple of 34?
False
Does 37 divide